
What is the highest common divisor of 1310 and 10?
10
What is the greatest common factor of 254 and 9271?
127
What is the highest common factor of 432 and 18?
18
What is the highest common divisor of 2 and 2?
2
What is the highest common factor of 126 and 54558?
126
What is the highest common divisor of 147 and 105?
21
Calculate the greatest common factor of 3855 and 15.
15
Calculate the highest common factor of 4 and 89.
1
What is the greatest common factor of 2 and 58?
2
Calculate the highest common factor of 498 and 60.
6
Calculate the greatest common factor of 1995 and 114.
57
What is the greatest common divisor of 250 and 40?
10
What is the highest common divisor of 159 and 106?
53
What is the highest common factor of 99 and 657?
9
What is the greatest common factor of 91 and 14?
7
What is the greatest common divisor of 342 and 418?
38
What is the highest common factor of 42 and 672?
42
Calculate the highest common factor of 168 and 182.
14
Calculate the greatest common divisor of 10406 and 129.
43
Calculate the greatest common divisor of 51 and 221.
17
What is the greatest common divisor of 44 and 253?
11
What is the highest common factor of 57 and 969?
57
Calculate the highest common divisor of 6225 and 166.
83
What is the greatest common divisor of 121 and 22?
11
Calculate the greatest common factor of 470 and 10.
10
Calculate the highest common factor of 34 and 25228.
34
What is the greatest common divisor of 310 and 74090?
310
Calculate the greatest common factor of 12350 and 26.
26
What is the greatest common factor of 4 and 1?
1
Calculate the highest common divisor of 1078 and 693.
77
What is the greatest common divisor of 192 and 528?
48
What is the greatest common factor of 28 and 322?
14
What is the highest common factor of 204 and 340?
68
Calculate the highest common divisor of 88 and 2728.
88
What is the greatest common factor of 2730 and 30?
30
What is the greatest common factor of 8 and 19840?
8
What is the highest common divisor of 55 and 11?
11
What is the greatest common divisor of 80 and 720?
80
Calculate the highest common factor of 196 and 4.
4
What is the greatest common factor of 38 and 54?
2
What is the highest common divisor of 90 and 870?
30
Calculate the highest common factor of 100 and 470.
10
What is the highest common factor of 1026 and 72?
18
Calculate the greatest common divisor of 10496 and 41.
41
What is the highest common divisor of 50 and 775?
25
Calculate the greatest common factor of 31 and 1457.
31
What is the highest common factor of 12 and 15?
3
What is the highest common factor of 34 and 153?
17
What is the greatest common factor of 64 and 1856?
64
Calculate the greatest common factor of 8436 and 12.
12
What is the greatest common divisor of 105 and 84?
21
Calculate the greatest common factor of 2702 and 14.
14
Calculate the greatest common divisor of 9401 and 7.
7
Calculate the highest common divisor of 37440 and 13.
13
Calculate the greatest common factor of 477 and 225.
9
What is the highest common factor of 108 and 17874?
54
Calculate the highest common divisor of 5508 and 68.
68
What is the greatest common factor of 24 and 9304?
8
Calculate the highest common divisor of 147 and 336.
21
Calculate the highest common factor of 2 and 2744.
2
What is the highest common factor of 4392 and 72?
72
What is the greatest common divisor of 180 and 6030?
90
What is the greatest common divisor of 12 and 48?
12
What is the highest common factor of 648 and 72?
72
Calculate the greatest common factor of 23 and 2507.
23
Calculate the highest common factor of 8425 and 200.
25
Calculate the greatest common factor of 32 and 256.
32
Calculate the highest common divisor of 6348 and 36.
12
What is the highest common divisor of 448 and 640?
64
Calculate the greatest common divisor of 634 and 4.
2
What is the highest common divisor of 891 and 37125?
297
What is the greatest common divisor of 442 and 260?
26
Calculate the highest common divisor of 175 and 1120.
35
What is the greatest common factor of 91 and 13?
13
Calculate the highest common factor of 2908 and 12.
4
Calculate the greatest common divisor of 1066 and 351.
13
What is the greatest common divisor of 72 and 192?
24
Calculate the highest common divisor of 22 and 110.
22
Calculate the highest common factor of 1308 and 18.
6
Calculate the highest common divisor of 225 and 135.
45
What is the greatest common factor of 17 and 7123?
17
What is the greatest common factor of 100 and 20?
20
What is the highest common factor of 208 and 188?
4
What is the highest common factor of 448 and 240?
16
What is the highest common divisor of 6 and 87?
3
What is the highest common factor of 4 and 10?
2
What is the greatest common divisor of 13480 and 320?
40
Calculate the highest common divisor of 1100 and 11825.
275
Calculate the highest common factor of 136 and 16.
8
Calculate the highest common divisor of 93 and 31558.
31
What is the highest common factor of 11 and 46761?
11
Calculate the highest common factor of 16 and 256.
16
What is the greatest common divisor of 7 and 84?
7
What is the highest common factor of 2555 and 14?
7
Calculate the greatest common divisor of 265 and 689.
53
What is the greatest common divisor of 49 and 98?
49
Calculate the greatest common factor of 808 and 12322.
202
What is the highest common factor of 1189 and 29?
29
What is the highest common factor of 172 and 3956?
172
Calculate the greatest common factor of 75 and 1725.
75
What is the greatest common factor of 49 and 1568?
49
Calculate the highest common divisor of 123 and 287.
41
Calculate the highest common factor of 7733 and 1463.
209
What is the highest common factor of 28 and 12?
4
What is the greatest common divisor of 2219 and 14?
7
What is the highest common divisor of 104 and 1963?
13
Calculate the highest common divisor of 8 and 132.
4
What is the highest common factor of 104 and 117?
13
What is the greatest common divisor of 32 and 1408?
32
What is the greatest common factor of 8 and 100?
4
What is the greatest common divisor of 38 and 1786?
38
What is the highest common divisor of 176 and 1?
1
What is the highest common factor of 162 and 18?
18
Calculate the greatest common divisor of 92 and 92.
92
Calculate the highest common divisor of 8 and 104.
8
Calculate the highest common divisor of 465 and 120.
15
Calculate the greatest common factor of 144 and 612.
36
What is the highest common factor of 627 and 12331?
209
What is the greatest common divisor of 276 and 60?
12
Calculate the highest common divisor of 2 and 74.
2
Calculate the greatest common divisor of 952 and 616.
56
Calculate the highest common divisor of 15871 and 177.
59
What is the greatest common divisor of 342 and 1197?
171
What is the greatest common factor of 5002 and 123?
41
What is the greatest common factor of 275 and 55?
55
What is the highest common factor of 768 and 12?
12
Calculate the greatest common divisor of 114 and 24.
6
What is the highest common factor of 36 and 1452?
12
Calculate the greatest common factor of 116 and 261.
29
What is the highest common divisor of 11 and 4?
1
Calculate the highest common divisor of 64 and 8.
8
What is the highest common divisor of 78 and 6383?
13
What is the greatest common divisor of 128 and 22?
2
Calculate the highest common divisor of 3 and 111.
3
Calculate the highest common divisor of 5442 and 12.
6
What is the greatest common divisor of 649 and 22?
11
What is the highest common divisor of 1372 and 980?
196
What is the greatest common divisor of 32 and 18?
2
Calculate the highest common divisor of 16 and 2384.
16
Calculate the greatest common divisor of 5207 and 635.
127
Calculate the highest common divisor of 22155 and 210.
105
What is the highest common divisor of 14085 and 45?
45
What is the greatest common divisor of 14 and 238?
14
Calculate the greatest common divisor of 8 and 8.
8
Calculate the highest common divisor of 28 and 1582.
14
What is the highest common factor of 420 and 336?
84
What is the greatest common divisor of 358 and 14499?
179
What is the greatest common factor of 33549 and 159?
159
Calculate the highest common factor of 740 and 7252.
148
What is the highest common divisor of 24 and 152?
8
Calculate the highest common factor of 637 an